{"id":25545493,"date":"2024-02-04T20:33:53","date_gmt":"2024-02-04T19:33:53","guid":{"rendered":"https:\/\/tydenprowellbeing.cz\/?post_type=akce&#038;p=25545493"},"modified":"2024-02-06T07:12:52","modified_gmt":"2024-02-06T06:12:52","slug":"webinar-restart-energie-a-prechodovy-most-aneb-jak-si-doplnovat-energii-v-prubehu-dne-a-chodit-domu-s-cistou-hlavou-kouci-do-skol","status":"publish","type":"akce","link":"https:\/\/tydenprowellbeing.cz\/2024\/akce\/webinar-restart-energie-a-prechodovy-most-aneb-jak-si-doplnovat-energii-v-prubehu-dne-a-chodit-domu-s-cistou-hlavou-kouci-do-skol\/","title":{"rendered":"Webin\u00e1\u0159: Restart energie a p\u0159echodov\u00fd most aneb Jak si dopl\u0148ovat energii v pr\u016fb\u011bhu dne a chodit dom\u016f s \u010distou hlavou (KOU\u010cI do \u0161kol)"},"content":{"rendered":"<p>Organizace Kou\u010di do \u0161kol v T\u00fddnu pro wellbeing ve \u0161kole napl\u00e1novala n\u011bkolik webin\u00e1\u0159\u00fa.<\/p>\n<p>Kou\u010di do \u0161kol jsou iniciativou podporuj\u00edc\u00ed pedagogy a \u0159editele \u0161kol. P\u0159in\u00e1\u0161\u00ed do \u0161kol wellbeing v\u00a0podob\u011b pozitivn\u00edho nadhledu, v\u0161\u00edmavosti a rozv\u00edjen\u00ed psychick\u00e9 odolnosti. Pomoc\u00ed interaktivn\u00edch\u00a0workshop\u016f \u010di individu\u00e1ln\u00edch spoluprac\u00ed p\u0159isp\u00edvaj\u00ed ke spokojenosti a vyrovnanosti pedagog\u016f. Pom\u00e1haj\u00ed\u00a0nach\u00e1zet vlastn\u00ed cestu k \u0159e\u0161en\u00ed ka\u017edodenn\u00edch situac\u00ed a rozv\u00edj\u00ed potenci\u00e1l jednotlivc\u016f i t\u00fdm\u016f.<\/p>\n<p>Webin\u00e1\u0159: <strong>Restart energie a p\u0159echodov\u00fd most aneb Jak si dopl\u0148ovat energii v pr\u016fb\u011bhu dne a chodit dom\u016f s \u010distou hlavou<\/strong><\/p>\n<ul>\n<li>Wellbeing znamen\u00e1 \u201cm\u00edt se dob\u0159e\u201d v pr\u00e1ci, v rodin\u011b, sami se sebou.<\/li>\n<li>Umo\u017e\u0148uje n\u00e1m kreativn\u011b a efektivn\u011b pracovat. Zahrnuje na\u0161i schopnost chr\u00e1nit sv\u016fj \u010das a energii.\u00a0Zjistit, co n\u00e1m prosp\u00edv\u00e1, co n\u00e1m dod\u00e1v\u00e1 energii a radost a jak si prosp\u011b\u0161n\u00e9 v\u011bci m\u016f\u017eeme v\u00edce dop\u0159\u00e1vat.<\/li>\n<\/ul>\n<p><strong>Term\u00edn:<\/strong> 15. 2. 2024, 19.00-20.00<\/p>\n<p>V\u00edce o webin\u00e1\u0159i se dozv\u00edte <a href=\"https:\/\/www.koucidoskol.cz\/akce\/\" target=\"_blank\" rel=\"noopener\">ZDE<\/a>.<\/p>\n","protected":false},"featured_media":25545497,"template":"","meta":{"_acf_changed":false,"_et_pb_use_builder":"","_et_pb_old_content":"","_et_gb_content_width":"","rank_math_lock_modified_date":false,"inline_featured_image":false},"class_list":["post-25545493","akce","type-akce","status-publish","has-post-thumbnail","hentry"],"acf":[],"_links":{"self":[{"href":"https:\/\/tydenprowellbeing.cz\/2024\/wp-json\/wp\/v2\/akce\/25545493","targetHints":{"allow":["GET"]}}],"collection":[{"href":"https:\/\/tydenprowellbeing.cz\/2024\/wp-json\/wp\/v2\/akce"}],"about":[{"href":"https:\/\/tydenprowellbeing.cz\/2024\/wp-json\/wp\/v2\/types\/akce"}],"wp:featuredmedia":[{"embeddable":true,"href":"https:\/\/tydenprowellbeing.cz\/2024\/wp-json\/wp\/v2\/media\/25545497"}],"wp:attachment":[{"href":"https:\/\/tydenprowellbeing.cz\/2024\/wp-json\/wp\/v2\/media?parent=25545493"}],"curies":[{"name":"wp","href":"https:\/\/api.w.org\/{rel}","templated":true}]}}

Webinář: Restart energie a přechodový most aneb Jak si doplňovat energii v průběhu dne a chodit domů s čistou hlavou (KOUČI do škol)

<p>Organizace Kouči do škol v Týdnu pro wellbeing ve škole naplánovala několik webinářú.</p>
<p>Kouči do škol jsou iniciativou podporující pedagogy a ředitele škol. Přináší do škol wellbeing v podobě pozitivního nadhledu, všímavosti a rozvíjení psychické odolnosti. Pomocí interaktivních workshopů či individuálních spoluprací přispívají ke spokojenosti a vyrovnanosti pedagogů. Pomáhají nacházet vlastní cestu k řešení každodenních situací a rozvíjí potenciál jednotlivců i týmů.</p>
<p>Webinář: <strong>Restart energie a přechodový most aneb Jak si doplňovat energii v průběhu dne a chodit domů s čistou hlavou</strong></p>
<ul>
<li>Wellbeing znamená “mít se dobře” v práci, v rodině, sami se sebou.</li>
<li>Umožňuje nám kreativně a efektivně pracovat. Zahrnuje naši schopnost chránit svůj čas a energii. Zjistit, co nám prospívá, co nám dodává energii a radost a jak si prospěšné věci můžeme více dopřávat.</li>
</ul>
<p><strong>Termín:</strong> 15. 2. 2024, 19.00-20.00</p>
<p>Více o webináři se dozvíte <a href="https://www.koucidoskol.cz/akce/" target="_blank" rel="noopener">ZDE</a>.</p>
