{"id":25545558,"date":"2024-02-04T19:45:21","date_gmt":"2024-02-04T18:45:21","guid":{"rendered":"https:\/\/tydenprowellbeing.cz\/?post_type=akce&#038;p=25545558"},"modified":"2024-02-10T11:07:26","modified_gmt":"2024-02-10T10:07:26","slug":"seminar-prace-se-tridou-v-ramci-primarni-prevence-ms-a-1-stupen-zs-kralovehradecky-krajsky-institut-pro-vzdelavani-a-inovace","status":"publish","type":"akce","link":"https:\/\/tydenprowellbeing.cz\/2024\/akce\/seminar-prace-se-tridou-v-ramci-primarni-prevence-ms-a-1-stupen-zs-kralovehradecky-krajsky-institut-pro-vzdelavani-a-inovace\/","title":{"rendered":"Semin\u00e1\u0159: Pr\u00e1ce se t\u0159\u00eddou v r\u00e1mci prim\u00e1rn\u00ed prevence \u2013 M\u0160 a 1. stupe\u0148 Z\u0160 (Kr\u00e1lov\u00e9hradeck\u00fd krajsk\u00fd institut pro vzd\u011bl\u00e1v\u00e1n\u00ed a inovace)"},"content":{"rendered":"<p>Dal\u0161\u00ed z \u0159ady semin\u00e1\u0159\u016f pro v\u00e1s p\u0159ipravil <a href=\"https:\/\/www.kkivi.cz\/kdo-jsme\/\" target=\"_blank\" rel=\"noopener\"><strong>Kr\u00e1lov\u00e9hradeck\u00fd krajsk\u00fd institut pro vzd\u011bl\u00e1v\u00e1n\u00ed a inovace<\/strong><\/a>, kter\u00fd na sv\u00fdch str\u00e1nk\u00e1ch p\u00ed\u0161e: <strong>Prost\u0159ednictv\u00edm \u0161irok\u00e9 nab\u00eddky a realizace kvalitn\u00edch vzd\u011bl\u00e1vac\u00edch program\u016f nap\u0159\u00ed\u010d obory chceme prohlubovat a roz\u0161i\u0159ovat znalosti a dovednosti pracovn\u00edk\u016f \u0161kol a \u0161kolsk\u00fdch za\u0159\u00edzen\u00ed \u010di je minim\u00e1ln\u011b motivovat k c\u00edlen\u00e9mu, systematick\u00e9mu vzd\u011bl\u00e1v\u00e1n\u00ed a dal\u0161\u00edmu profesn\u00edmu rozvoji.<\/strong><\/p>\n<p>&nbsp;<\/p>\n<p><img loading=\"lazy\" decoding=\"async\" class=\"alignnone size-full wp-image-25545581\" src=\"https:\/\/tydenprowellbeing.cz\/wp-content\/uploads\/2024\/02\/Snimek-obrazovky-2024-02-10-v-10.51.36.png\" alt=\"\" width=\"2365\" height=\"706\" title=\"\" srcset=\"https:\/\/tydenprowellbeing.cz\/wp-content\/uploads\/2024\/02\/Snimek-obrazovky-2024-02-10-v-10.51.36.png 2365w, https:\/\/tydenprowellbeing.cz\/wp-content\/uploads\/2024\/02\/Snimek-obrazovky-2024-02-10-v-10.51.36-1280x382.png 1280w, https:\/\/tydenprowellbeing.cz\/wp-content\/uploads\/2024\/02\/Snimek-obrazovky-2024-02-10-v-10.51.36-980x293.png 980w, https:\/\/tydenprowellbeing.cz\/wp-content\/uploads\/2024\/02\/Snimek-obrazovky-2024-02-10-v-10.51.36-480x143.png 480w\" sizes=\"(min-width: 0px) and (max-width: 480px) 480px, (min-width: 481px) and (max-width: 980px) 980px, (min-width: 981px) and (max-width: 1280px) 1280px, (min-width: 1281px) 2365px, 100vw\" \/><\/p>\n<p>&nbsp;<\/p>\n<p>Semin\u00e1\u0159 nab\u00edz\u00ed praktick\u00e9 informace o z\u00e1kladn\u00edch skute\u010dnostech (podm\u00ednky, struktura, t\u00e9mata), kter\u00e9 jsou kl\u00ed\u010dov\u00e9 v preventivn\u00ed pr\u00e1ci se t\u0159\u00eddou\/skupinou. \u00da\u010dastn\u00edci budou m\u00edt mo\u017enost interaktivn\u00ed formou vyzkou\u0161et si a pro\u017e\u00edt n\u00e1zorn\u00e9 uk\u00e1zky aktivit, kter\u00e9 pot\u00e9 budou moci vyzkou\u0161et se sv\u00fdmi \u017e\u00e1ky. S nimi\u017e tak pot\u00e9 mohou podpo\u0159it jejich vz\u00e1jemn\u00e9 pozn\u00e1n\u00ed, komunikaci, spolupr\u00e1ci a dal\u0161\u00ed soci\u00e1ln\u00ed dovednosti.<\/p>\n<p><strong>Term\u00edn:<\/strong> 15. 2. 2024, 9.00-15.30<\/p>\n<p>V\u00edce o semin\u00e1\u0159i se dozv\u00edte <a href=\"https:\/\/www.kkivi.cz\/kurzy\/1694512767\/1\/\" target=\"_blank\" rel=\"noopener\">ZDE<\/a>.<\/p>\n<p><img loading=\"lazy\" decoding=\"async\" class=\"alignnone size-full wp-image-25545582\" src=\"https:\/\/tydenprowellbeing.cz\/wp-content\/uploads\/2024\/02\/logo.webp\" alt=\"\" width=\"108\" height=\"120\" title=\"\"><\/p>\n","protected":false},"featured_media":25545570,"template":"","meta":{"_acf_changed":false,"_et_pb_use_builder":"","_et_pb_old_content":"","_et_gb_content_width":"","rank_math_lock_modified_date":false,"inline_featured_image":false},"class_list":["post-25545558","akce","type-akce","status-publish","has-post-thumbnail","hentry"],"acf":[],"_links":{"self":[{"href":"https:\/\/tydenprowellbeing.cz\/2024\/wp-json\/wp\/v2\/akce\/25545558","targetHints":{"allow":["GET"]}}],"collection":[{"href":"https:\/\/tydenprowellbeing.cz\/2024\/wp-json\/wp\/v2\/akce"}],"about":[{"href":"https:\/\/tydenprowellbeing.cz\/2024\/wp-json\/wp\/v2\/types\/akce"}],"wp:featuredmedia":[{"embeddable":true,"href":"https:\/\/tydenprowellbeing.cz\/2024\/wp-json\/wp\/v2\/media\/25545570"}],"wp:attachment":[{"href":"https:\/\/tydenprowellbeing.cz\/2024\/wp-json\/wp\/v2\/media?parent=25545558"}],"curies":[{"name":"wp","href":"https:\/\/api.w.org\/{rel}","templated":true}]}}

Seminář: Práce se třídou v rámci primární prevence – MŠ a 1. stupeň ZŠ (Královéhradecký krajský institut pro vzdělávání a inovace)

<p>Další z řady seminářů pro vás připravil <a href="https://www.kkivi.cz/kdo-jsme/" target="_blank" rel="noopener"><strong>Královéhradecký krajský institut pro vzdělávání a inovace</strong></a>, který na svých stránkách píše: <strong>Prostřednictvím široké nabídky a realizace kvalitních vzdělávacích programů napříč obory chceme prohlubovat a rozšiřovat znalosti a dovednosti pracovníků škol a školských zařízení či je minimálně motivovat k cílenému, systematickému vzdělávání a dalšímu profesnímu rozvoji.</strong></p>
<p>&nbsp;</p>
<p><img loading="lazy" decoding="async" class="alignnone size-full wp-image-25545581" src="https://tydenprowellbeing.cz/wp-content/uploads/2024/02/Snimek-obrazovky-2024-02-10-v-10.51.36.png" alt="" width="2365" height="706" title="" srcset="https://tydenprowellbeing.cz/wp-content/uploads/2024/02/Snimek-obrazovky-2024-02-10-v-10.51.36.png 2365w, https://tydenprowellbeing.cz/wp-content/uploads/2024/02/Snimek-obrazovky-2024-02-10-v-10.51.36-1280x382.png 1280w, https://tydenprowellbeing.cz/wp-content/uploads/2024/02/Snimek-obrazovky-2024-02-10-v-10.51.36-980x293.png 980w, https://tydenprowellbeing.cz/wp-content/uploads/2024/02/Snimek-obrazovky-2024-02-10-v-10.51.36-480x143.png 480w" sizes="(min-width: 0px) and (max-width: 480px) 480px, (min-width: 481px) and (max-width: 980px) 980px, (min-width: 981px) and (max-width: 1280px) 1280px, (min-width: 1281px) 2365px, 100vw" /></p>
<p>&nbsp;</p>
<p>Seminář nabízí praktické informace o základních skutečnostech (podmínky, struktura, témata), které jsou klíčové v preventivní práci se třídou/skupinou. Účastníci budou mít možnost interaktivní formou vyzkoušet si a prožít názorné ukázky aktivit, které poté budou moci vyzkoušet se svými žáky. S nimiž tak poté mohou podpořit jejich vzájemné poznání, komunikaci, spolupráci a další sociální dovednosti.</p>
<p><strong>Termín:</strong> 15. 2. 2024, 9.00-15.30</p>
<p>Více o semináři se dozvíte <a href="https://www.kkivi.cz/kurzy/1694512767/1/" target="_blank" rel="noopener">ZDE</a>.</p>
<p><img loading="lazy" decoding="async" class="alignnone size-full wp-image-25545582" src="https://tydenprowellbeing.cz/wp-content/uploads/2024/02/logo.webp" alt="" width="108" height="120" title=""></p>
