{"id":25544344,"date":"2024-01-30T14:03:02","date_gmt":"2024-01-30T13:03:02","guid":{"rendered":"https:\/\/tydenprowellbeing.cz\/?post_type=aktualita&#038;p=25544344"},"modified":"2024-02-15T12:25:31","modified_gmt":"2024-02-15T11:25:31","slug":"test-aktuality-1","status":"publish","type":"aktualita","link":"https:\/\/tydenprowellbeing.cz\/2024\/aktualita\/test-aktuality-1\/","title":{"rendered":"Tiskov\u00e1 zpr\u00e1va: T\u00fdden pro wellbeing ve \u0161kole pouk\u00e1\u017ee na d\u016fle\u017eitost wellbeingu pro du\u0161evn\u00ed zdrav\u00ed i u\u010den\u00ed d\u011bt\u00ed a mlad\u00fdch lid\u00ed. Zapoj\u00ed se v\u00edce ne\u017e 60 organizac\u00ed"},"content":{"rendered":"<p>Spole\u010dn\u00fd hlas je v\u00edce sly\u0161et, a proto v\u00edce ne\u017e 60 organizac\u00ed z cel\u00e9 \u010cesk\u00e9 republiky spole\u010dn\u011b v t\u00fddnu od 13. 2.\u201320. 2. po\u0159\u00e1d\u00e1 T\u00fdden pro wellbeing ve \u0161kole. Bude to t\u00fdden pln\u00fd akc\u00ed, workshop\u016f, semin\u00e1\u0159\u016f, vzd\u011bl\u00e1vac\u00edch kampan\u00ed a happening\u016f, jejich\u017e c\u00edlem je pouk\u00e1zat na wellbeing jako na z\u00e1kladn\u00ed princip pro prevenci du\u0161evn\u00edch onemocn\u011bn\u00ed, ale tak\u00e9 pro to, aby se d\u011bti a mlad\u00ed lid\u00e9 efektivn\u011b u\u010dili. T\u00fdden uzav\u0159e Konference pro wellbeing ve \u0161kole (20. 2. v Centru sou\u010dasn\u00e9ho um\u011bn\u00ed DOX v Praze), kter\u00e1 se zam\u011b\u0159\u00ed zejm\u00e9na na wellbeing vyu\u010duj\u00edc\u00edch. Koordin\u00e1torem nult\u00e9ho ro\u010dn\u00edku T\u00fddne pro wellbeing ve \u0161kole je Partnerstv\u00ed pro vzd\u011bl\u00e1v\u00e1n\u00ed 2030+.<\/p>\n<p>Celou tiskovou zpr\u00e1vu si m\u016f\u017eete p\u0159e\u010d\u00edst <a href=\"https:\/\/partnerstvi2030.cz\/wp-content\/uploads\/TZ-Tyden-pro-wellbeing-ve-skole-I.-2.pdf\" target=\"_blank\" rel=\"noopener\">ZDE<\/a>.<\/p>\n","protected":false},"featured_media":25545643,"template":"","meta":{"_acf_changed":false,"_et_pb_use_builder":"","_et_pb_old_content":"","_et_gb_content_width":"","rank_math_lock_modified_date":false,"inline_featured_image":false},"class_list":["post-25544344","aktualita","type-aktualita","status-publish","has-post-thumbnail","hentry"],"acf":[],"_links":{"self":[{"href":"https:\/\/tydenprowellbeing.cz\/2024\/wp-json\/wp\/v2\/aktualita\/25544344","targetHints":{"allow":["GET"]}}],"collection":[{"href":"https:\/\/tydenprowellbeing.cz\/2024\/wp-json\/wp\/v2\/aktualita"}],"about":[{"href":"https:\/\/tydenprowellbeing.cz\/2024\/wp-json\/wp\/v2\/types\/aktualita"}],"wp:featuredmedia":[{"embeddable":true,"href":"https:\/\/tydenprowellbeing.cz\/2024\/wp-json\/wp\/v2\/media\/25545643"}],"wp:attachment":[{"href":"https:\/\/tydenprowellbeing.cz\/2024\/wp-json\/wp\/v2\/media?parent=25544344"}],"curies":[{"name":"wp","href":"https:\/\/api.w.org\/{rel}","templated":true}]}}

Tisková zpráva: Týden pro wellbeing ve škole poukáže na důležitost wellbeingu pro duševní zdraví i učení dětí a mladých lidí. Zapojí se více než 60 organizací

<p>Společný hlas je více slyšet, a proto více než 60 organizací z celé České republiky společně v týdnu od 13. 2.–20. 2. pořádá Týden pro wellbeing ve škole. Bude to týden plný akcí, workshopů, seminářů, vzdělávacích kampaní a happeningů, jejichž cílem je poukázat na wellbeing jako na základní princip pro prevenci duševních onemocnění, ale také pro to, aby se děti a mladí lidé efektivně učili. Týden uzavře Konference pro wellbeing ve škole (20. 2. v Centru současného umění DOX v Praze), která se zaměří zejména na wellbeing vyučujících. Koordinátorem nultého ročníku Týdne pro wellbeing ve škole je Partnerství pro vzdělávání 2030+.</p>
<p>Celou tiskovou zprávu si můžete přečíst <a href="https://partnerstvi2030.cz/wp-content/uploads/TZ-Tyden-pro-wellbeing-ve-skole-I.-2.pdf" target="_blank" rel="noopener">ZDE</a>.</p>
