{"id":25544371,"date":"2024-02-15T10:50:23","date_gmt":"2024-02-15T09:50:23","guid":{"rendered":"https:\/\/tydenprowellbeing.cz\/?post_type=aktualita&#038;p=25544371"},"modified":"2024-02-23T09:16:32","modified_gmt":"2024-02-23T08:16:32","slug":"test-aktuality-3","status":"publish","type":"aktualita","link":"https:\/\/tydenprowellbeing.cz\/2024\/aktualita\/test-aktuality-3\/","title":{"rendered":"Tiskov\u00e1 zpr\u00e1va: Oble\u010dte se spole\u010dn\u011b s n\u00e1mi do fialov\u00e9. Z\u00edtra za\u010d\u00edn\u00e1 T\u00fdden pro wellbeing ve \u0161kole"},"content":{"rendered":"<p>Fialov\u00e1 barva je spojov\u00e1na s du\u0161evn\u00edm zdrav\u00edm. A o du\u0161evn\u00ed zdrav\u00ed a dobr\u00e9 podm\u00ednky pro r\u016fst a vzd\u011bl\u00e1v\u00e1n\u00ed jde v\u00edce ne\u017e 70 organizac\u00edm, kter\u00e9 se p\u0159ihl\u00e1sily k T\u00fddnu<br \/>\npro wellbeing ve \u0161kole. Od 13. do 20. \u00fanora se nap\u0159\u00ed\u010d \u010ceskem (v online i offline prostoru) uskute\u010dn\u00ed des\u00edtky akc\u00ed, workshop\u016f, semin\u00e1\u0159\u016f a vzd\u011bl\u00e1vac\u00edch kampan\u00ed.<br \/>\nC\u00edlem je spole\u010dn\u011b pouk\u00e1zat na wellbeing jako na d\u016fle\u017eit\u00fd princip nejen pro prevenci du\u0161evn\u00edch onemocn\u011bn\u00ed u d\u011bt\u00ed a mlad\u00fdch lid\u00ed, ale tak\u00e9 jako z\u00e1klad pro to, aby se mohli efektivn\u011b u\u010dit a r\u016fst.<\/p>\n<p>Celou tiskovou zpr\u00e1vu si m\u016f\u017eete st\u00e1hnou <a href=\"https:\/\/tydenprowellbeing.cz\/wp-content\/uploads\/2024\/02\/Web_TydenWB_Tiskova-zprava_A4.pdf\" target=\"_blank\" rel=\"noopener\">ZDE<\/a>.<\/p>\n","protected":false},"featured_media":25545642,"template":"","meta":{"_acf_changed":false,"_et_pb_use_builder":"","_et_pb_old_content":"","_et_gb_content_width":"","rank_math_lock_modified_date":false,"inline_featured_image":false},"class_list":["post-25544371","aktualita","type-aktualita","status-publish","has-post-thumbnail","hentry"],"acf":[],"_links":{"self":[{"href":"https:\/\/tydenprowellbeing.cz\/2024\/wp-json\/wp\/v2\/aktualita\/25544371","targetHints":{"allow":["GET"]}}],"collection":[{"href":"https:\/\/tydenprowellbeing.cz\/2024\/wp-json\/wp\/v2\/aktualita"}],"about":[{"href":"https:\/\/tydenprowellbeing.cz\/2024\/wp-json\/wp\/v2\/types\/aktualita"}],"wp:featuredmedia":[{"embeddable":true,"href":"https:\/\/tydenprowellbeing.cz\/2024\/wp-json\/wp\/v2\/media\/25545642"}],"wp:attachment":[{"href":"https:\/\/tydenprowellbeing.cz\/2024\/wp-json\/wp\/v2\/media?parent=25544371"}],"curies":[{"name":"wp","href":"https:\/\/api.w.org\/{rel}","templated":true}]}}

Tisková zpráva: Oblečte se společně s námi do fialové. Zítra začíná Týden pro wellbeing ve škole

<p>Fialová barva je spojována s duševním zdravím. A o duševní zdraví a dobré podmínky pro růst a vzdělávání jde více než 70 organizacím, které se přihlásily k Týdnu<br />
pro wellbeing ve škole. Od 13. do 20. února se napříč Českem (v online i offline prostoru) uskuteční desítky akcí, workshopů, seminářů a vzdělávacích kampaní.<br />
Cílem je společně poukázat na wellbeing jako na důležitý princip nejen pro prevenci duševních onemocnění u dětí a mladých lidí, ale také jako základ pro to, aby se mohli efektivně učit a růst.</p>
<p>Celou tiskovou zprávu si můžete stáhnou <a href="https://tydenprowellbeing.cz/wp-content/uploads/2024/02/Web_TydenWB_Tiskova-zprava_A4.pdf" target="_blank" rel="noopener">ZDE</a>.</p>
