{"id":25545653,"date":"2024-02-22T10:24:06","date_gmt":"2024-02-22T09:24:06","guid":{"rendered":"https:\/\/tydenprowellbeing.cz\/?post_type=aktualita&#038;p=25545653"},"modified":"2024-03-20T10:31:47","modified_gmt":"2024-03-20T09:31:47","slug":"wellbeing-v-mezinarodnich-setrenich-josef-basl-csi","status":"publish","type":"aktualita","link":"https:\/\/tydenprowellbeing.cz\/2024\/aktualita\/wellbeing-v-mezinarodnich-setrenich-josef-basl-csi\/","title":{"rendered":"Prezentace: Wellbeing v mezin\u00e1rodn\u00edch \u0161et\u0159en\u00edch \/ Josef Basl \u010c\u0160I"},"content":{"rendered":"<p>S celkovou spokojenost\u00ed u\u010ditel\u016f pozitivn\u011b souvis\u00ed m\u00edra participace mezi z\u00fa\u010dastn\u011bn\u00fdmi stranami a mo\u017enost aktivn\u011b se zapojit do rozhodov\u00e1n\u00ed o aktivit\u00e1ch a sm\u011b\u0159ov\u00e1n\u00ed \u0161koly.<\/p>\n<p>Jako vhodn\u00e9 opat\u0159en\u00ed se jev\u00ed budov\u00e1n\u00ed prost\u0159ed\u00ed, v r\u00e1mci kter\u00e9ho dostanou u\u010ditel\u00e9 mo\u017enost vyjad\u0159ovat se k n\u00e1vrh\u016fm veden\u00ed \u0161koly \u010di alespo\u0148 \u010d\u00e1ste\u010dn\u011b budou moci rozhodnut\u00ed ovliv\u0148ovat.<\/p>\n<p>Celou prezentaci si m\u016f\u017eete st\u00e1hnout <a href=\"https:\/\/tydenprowellbeing.cz\/wp-content\/uploads\/2024\/02\/Wellbeing-v-mezinarodnich-setrenich_Josef-Basl.pdf\" target=\"_blank\" rel=\"noopener\">ZDE<\/a>.<\/p>\n","protected":false},"featured_media":25545655,"template":"","meta":{"_acf_changed":false,"_et_pb_use_builder":"","_et_pb_old_content":"","_et_gb_content_width":"","rank_math_lock_modified_date":false,"inline_featured_image":false},"class_list":["post-25545653","aktualita","type-aktualita","status-publish","has-post-thumbnail","hentry"],"acf":[],"_links":{"self":[{"href":"https:\/\/tydenprowellbeing.cz\/2024\/wp-json\/wp\/v2\/aktualita\/25545653","targetHints":{"allow":["GET"]}}],"collection":[{"href":"https:\/\/tydenprowellbeing.cz\/2024\/wp-json\/wp\/v2\/aktualita"}],"about":[{"href":"https:\/\/tydenprowellbeing.cz\/2024\/wp-json\/wp\/v2\/types\/aktualita"}],"wp:featuredmedia":[{"embeddable":true,"href":"https:\/\/tydenprowellbeing.cz\/2024\/wp-json\/wp\/v2\/media\/25545655"}],"wp:attachment":[{"href":"https:\/\/tydenprowellbeing.cz\/2024\/wp-json\/wp\/v2\/media?parent=25545653"}],"curies":[{"name":"wp","href":"https:\/\/api.w.org\/{rel}","templated":true}]}}

Prezentace: Wellbeing v mezinárodních šetřeních / Josef Basl ČŠI

<p>S celkovou spokojeností učitelů pozitivně souvisí míra participace mezi zúčastněnými stranami a možnost aktivně se zapojit do rozhodování o aktivitách a směřování školy.</p>
<p>Jako vhodné opatření se jeví budování prostředí, v rámci kterého dostanou učitelé možnost vyjadřovat se k návrhům vedení školy či alespoň částečně budou moci rozhodnutí ovlivňovat.</p>
<p>Celou prezentaci si můžete stáhnout <a href="https://tydenprowellbeing.cz/wp-content/uploads/2024/02/Wellbeing-v-mezinarodnich-setrenich_Josef-Basl.pdf" target="_blank" rel="noopener">ZDE</a>.</p>
