{"id":25545659,"date":"2024-02-22T10:44:30","date_gmt":"2024-02-22T09:44:30","guid":{"rendered":"https:\/\/tydenprowellbeing.cz\/?post_type=aktualita&#038;p=25545659"},"modified":"2024-02-22T10:44:30","modified_gmt":"2024-02-22T09:44:30","slug":"workshop-vzdelavaci-program-peacejam-mirovy-dzem","status":"publish","type":"aktualita","link":"https:\/\/tydenprowellbeing.cz\/2024\/aktualita\/workshop-vzdelavaci-program-peacejam-mirovy-dzem\/","title":{"rendered":"Workshop: Vzd\u011bl\u00e1vac\u00ed program PeaceJam \/ M\u00edrov\u00fd D\u017eem"},"content":{"rendered":"<p dir=\"ltr\">Vzd\u011bl\u00e1vac\u00ed program PeaceJam nab\u00edz\u00ed kvalitn\u00ed obsah pro pr\u016f\u0159ezov\u00e1 t\u00e9mata a t\u0159\u00eddnick\u00e9 hodiny pro I. stupe\u0148 Z\u0160 a ob\u010danskou nauku pro II. stupe\u0148 Z\u0160 a S\u0160. Na I. stupni Z\u0160 je mo\u017en\u00e9 jej vyu\u017e\u00edt pro napln\u011bn\u00ed oblast\u00ed pr\u016f\u0159ezov\u00fdch t\u00e9mat: osobnostn\u00ed a soci\u00e1ln\u00ed v\u00fdchova, environment\u00e1ln\u00ed v\u00fdchova, multikulturn\u00ed v\u00fdchova, v\u00fdchova k my\u0161len\u00ed v evropsk\u00fdch a glob\u00e1ln\u00edch souvislostech.<\/p>\n<p dir=\"ltr\">C\u00edlem je rozv\u00edjet u\u00a0\u017e\u00e1k\u016f od 6 do 18 let jejich\u00a0soci\u00e1ln\u011b emo\u010dn\u00ed dovednosti, kritick\u00e9 my\u0161len\u00ed, pos\u00edlit schopnost vyhled\u00e1vat a\u00a0ov\u011b\u0159ovat informace, roz\u0161\u00ed\u0159it pov\u011bdom\u00ed o\u00a0nen\u00e1siln\u00fdch p\u0159\u00edstupech p\u0159i\u00a0\u0159e\u0161en\u00ed konflikt\u016f.<\/p>\n<p dir=\"ltr\">Program inspiruje \u017e\u00e1ky na cest\u011b k\u00a0sebepozn\u00e1n\u00ed a\u00a0respektu k\u00a0ostatn\u00edm\u00a0skrze p\u0159\u00edb\u011bhy ze \u017eivota laure\u00e1t\u016f Nobelovy ceny m\u00edru. Pom\u00e1h\u00e1 jim p\u0159i\u00a0rozv\u00edjen\u00ed talentu a\u00a0vlastn\u00ed individuality, motivuje k\u00a0z\u00edsk\u00e1v\u00e1n\u00ed v\u011bdomost\u00ed a\u00a0povzbuzuje k\u00a0n\u00e1pad\u016fm na pozitivn\u00ed zm\u011bny\u00a0v\u00a0jejich okol\u00ed.<\/p>\n<p>Celou prezentaci si m\u016f\u017eete st\u00e1hnout <a href=\"https:\/\/tydenprowellbeing.cz\/wp-content\/uploads\/2024\/02\/Vzdelavaci-program-PeaceJam.pdf\" target=\"_blank\" rel=\"noopener\">ZDE<\/a>.<\/p>\n","protected":false},"featured_media":25545661,"template":"","meta":{"_acf_changed":false,"_et_pb_use_builder":"","_et_pb_old_content":"","_et_gb_content_width":"","rank_math_lock_modified_date":false,"inline_featured_image":false},"class_list":["post-25545659","aktualita","type-aktualita","status-publish","has-post-thumbnail","hentry"],"acf":[],"_links":{"self":[{"href":"https:\/\/tydenprowellbeing.cz\/2024\/wp-json\/wp\/v2\/aktualita\/25545659","targetHints":{"allow":["GET"]}}],"collection":[{"href":"https:\/\/tydenprowellbeing.cz\/2024\/wp-json\/wp\/v2\/aktualita"}],"about":[{"href":"https:\/\/tydenprowellbeing.cz\/2024\/wp-json\/wp\/v2\/types\/aktualita"}],"wp:featuredmedia":[{"embeddable":true,"href":"https:\/\/tydenprowellbeing.cz\/2024\/wp-json\/wp\/v2\/media\/25545661"}],"wp:attachment":[{"href":"https:\/\/tydenprowellbeing.cz\/2024\/wp-json\/wp\/v2\/media?parent=25545659"}],"curies":[{"name":"wp","href":"https:\/\/api.w.org\/{rel}","templated":true}]}}

Workshop: Vzdělávací program PeaceJam / Mírový Džem

<p dir="ltr">Vzdělávací program PeaceJam nabízí kvalitní obsah pro průřezová témata a třídnické hodiny pro I. stupeň ZŠ a občanskou nauku pro II. stupeň ZŠ a SŠ. Na I. stupni ZŠ je možné jej využít pro naplnění oblastí průřezových témat: osobnostní a sociální výchova, environmentální výchova, multikulturní výchova, výchova k myšlení v evropských a globálních souvislostech.</p>
<p dir="ltr">Cílem je rozvíjet u žáků od 6 do 18 let jejich sociálně emoční dovednosti, kritické myšlení, posílit schopnost vyhledávat a ověřovat informace, rozšířit povědomí o nenásilných přístupech při řešení konfliktů.</p>
<p dir="ltr">Program inspiruje žáky na cestě k sebepoznání a respektu k ostatním skrze příběhy ze života laureátů Nobelovy ceny míru. Pomáhá jim při rozvíjení talentu a vlastní individuality, motivuje k získávání vědomostí a povzbuzuje k nápadům na pozitivní změny v jejich okolí.</p>
<p>Celou prezentaci si můžete stáhnout <a href="https://tydenprowellbeing.cz/wp-content/uploads/2024/02/Vzdelavaci-program-PeaceJam.pdf" target="_blank" rel="noopener">ZDE</a>.</p>
