{"id":25545663,"date":"2024-02-23T09:22:52","date_gmt":"2024-02-23T08:22:52","guid":{"rendered":"https:\/\/tydenprowellbeing.cz\/?post_type=aktualita&#038;p=25545663"},"modified":"2024-02-26T13:48:35","modified_gmt":"2024-02-26T12:48:35","slug":"tiskova-zprava-odbornou-konferenci-skoncil-tyden-pro-wellbeing-ve-skole-zapojily-se-do-nej-desitky-organizaci-a-skol-napric-ceskem","status":"publish","type":"aktualita","link":"https:\/\/tydenprowellbeing.cz\/2024\/aktualita\/tiskova-zprava-odbornou-konferenci-skoncil-tyden-pro-wellbeing-ve-skole-zapojily-se-do-nej-desitky-organizaci-a-skol-napric-ceskem\/","title":{"rendered":"Tiskov\u00e1 zpr\u00e1va: Odbornou konferenc\u00ed skon\u010dil T\u00fdden pro wellbeing ve \u0161kole. Zapojily se do n\u011bj des\u00edtky organizac\u00ed a \u0161kol nap\u0159\u00ed\u010d \u010ceskem"},"content":{"rendered":"<p><span style=\"font-weight: 400;\">T\u00e9m\u011b\u0159 80 organizac\u00ed a des\u00edtky \u0161kol nap\u0159\u00ed\u010d \u010ceskem se zapojily do T\u00fddne pro wellbeing ve \u0161kole, kter\u00fd zakon\u010dila odborn\u00e1 Konference pro wellbeing ve \u0161kole. V pra\u017esk\u00e9m Centru sou\u010dasn\u00e9ho um\u011bn\u00ed DOX se p\u0159i t\u00e9to p\u0159\u00edle\u017eitosti setkalo t\u00e9m\u011b\u0159 200 \u00fa\u010dastn\u00edk\u016f, z velk\u00e9 \u010d\u00e1sti pedagog\u016f. V\u011bt\u0161ina z nich se alespo\u0148 symbolicky obl\u00e9kla do fialov\u00e9, barvy du\u0161evn\u00edho zdrav\u00ed, kter\u00e1 prov\u00e1zela aktivity T\u00fddne pro wellbeing ve \u0161kole od za\u010d\u00e1tku a\u017e do konce. Koordin\u00e1torem T\u00fddne pro wellbeing ve \u0161kole a organiz\u00e1torem konference bylo Partnerstv\u00ed pro vzd\u011bl\u00e1v\u00e1n\u00ed 2030+.<\/span><\/p>\n<p>Celou tiskovou zpr\u00e1vu si m\u016f\u017eete st\u00e1hnout <a href=\"https:\/\/tydenprowellbeing.cz\/wp-content\/uploads\/2024\/02\/TZ-konference-TPWB-3.pdf\" target=\"_blank\" rel=\"noopener\">ZDE<\/a>.<\/p>\n","protected":false},"featured_media":25545666,"template":"","meta":{"_acf_changed":false,"_et_pb_use_builder":"","_et_pb_old_content":"","_et_gb_content_width":"","rank_math_lock_modified_date":false,"inline_featured_image":false},"class_list":["post-25545663","aktualita","type-aktualita","status-publish","has-post-thumbnail","hentry"],"acf":[],"_links":{"self":[{"href":"https:\/\/tydenprowellbeing.cz\/2024\/wp-json\/wp\/v2\/aktualita\/25545663","targetHints":{"allow":["GET"]}}],"collection":[{"href":"https:\/\/tydenprowellbeing.cz\/2024\/wp-json\/wp\/v2\/aktualita"}],"about":[{"href":"https:\/\/tydenprowellbeing.cz\/2024\/wp-json\/wp\/v2\/types\/aktualita"}],"wp:featuredmedia":[{"embeddable":true,"href":"https:\/\/tydenprowellbeing.cz\/2024\/wp-json\/wp\/v2\/media\/25545666"}],"wp:attachment":[{"href":"https:\/\/tydenprowellbeing.cz\/2024\/wp-json\/wp\/v2\/media?parent=25545663"}],"curies":[{"name":"wp","href":"https:\/\/api.w.org\/{rel}","templated":true}]}}

Tisková zpráva: Odbornou konferencí skončil Týden pro wellbeing ve škole. Zapojily se do něj desítky organizací a škol napříč Českem

<p><span style="font-weight: 400;">Téměř 80 organizací a desítky škol napříč Českem se zapojily do Týdne pro wellbeing ve škole, který zakončila odborná Konference pro wellbeing ve škole. V pražském Centru současného umění DOX se při této příležitosti setkalo téměř 200 účastníků, z velké části pedagogů. Většina z nich se alespoň symbolicky oblékla do fialové, barvy duševního zdraví, která provázela aktivity Týdne pro wellbeing ve škole od začátku až do konce. Koordinátorem Týdne pro wellbeing ve škole a organizátorem konference bylo Partnerství pro vzdělávání 2030+.</span></p>
<p>Celou tiskovou zprávu si můžete stáhnout <a href="https://tydenprowellbeing.cz/wp-content/uploads/2024/02/TZ-konference-TPWB-3.pdf" target="_blank" rel="noopener">ZDE</a>.</p>
